 3, 31
Let d be -4 + -2 - (3 + -6). Let i = -3 - d. Suppose i = 3*k - k - 20. List the prime factors of k.
2, 5
Suppose -2*z + 7 = -1. Suppose 0 = 2*s - 0*x + 3*x + z, 4*s + 4 = -5*x. Suppose s*v - 6*v = -96. List the prime factors of v.
2, 3
Suppose 4*x = -0*x + 8. Suppose -4*f + x = -2*b, -3*f + 2*b = -2*f + 4. Suppose 18 = 2*j + f. List the prime factors of j.
2
Suppose 13*z - 8 = 44. Suppose -2*b - f = z*f - 85, 5*b + 3*f - 165 = 0. List the prime factors of b.
2, 3, 5
Let n be ((-4)/15 + (-12)/30)*-6. Suppose 0 = -n*k + k - 4*j + 553, 0 = -k + 4*j + 163. What are the prime factors of k?
179
Let k(j) = j**2 - 4*j - 12. Let r be k(8). Suppose 2*t - 2*m = r + 10, -5*m = t - 33. What are the prime factors of t?
2, 3
Let i(h) = -4*h**3 + 2*h + 1. Let t be i(-1). Suppose 4*m + t*a = 2, 4*m + 5*a - 3 = -5. List the prime factors of m.
2
Suppose 4*u = f + 2877 + 2607, 0 = 3*f. What are the prime factors of u?
3, 457
Suppose 246 = 11*y + 1159. Let k = y - -248. What are the prime factors of k?
3, 5, 11
List the prime factors of (6 - 16364/(-16)) + 6/(-8).
2, 257
Suppose 11*y - 12 = 12*y. Let z(l) = l**2 + 6*l - 5. What are the prime factors of z(y)?
67
Suppose -r = -3*u + 227, 2*r = -2*u - 3*u + 393. Let m = 8 - 2. Suppose m*c + 17 = u. List the prime factors of c.
2, 5
Suppose x + 5*i - 156 = 0, -4*x = -10*i + 7*i - 601. What are the prime factors of x?
151
Let i = -200 + 241. List the prime factors of i.
41
Let y(w) = 84*w + 6. Let u be 32/12*(-9)/6 - -5. List the prime factors of y(u).
2, 3, 5
Let l(d) = -d**3 - 3*d**2 - 10. Let w be l(-7). Let g(o) = o**2 + 2*o + 3. Let r be g(-1). Suppose -z + w = r*z. List the prime factors of z.
2, 31
Suppose 3*j = -12, 1061 + 727 = 3*t + 3*j. List the prime factors of t.
2, 3, 5
Let a = 81 + -58. Let j = 49 - a. List the prime factors of j.
2, 13
Let o(f) = -f**3 - 5*f**2 - 4*f. Let a be o(-4). Suppose 0 = 3*j - 6, a = -h + 2*h + j - 126. What are the prime factors of h/6*(-12)/(-8)?
31
Let w be (-1)/(((-1)/13)/1). Let h = 1 - w. Let f = -7 - h. List the prime factors of f.
5
Let w(s) be the second derivative of 31*s**4/12 - 2*s**3/3 + s**2 - 19*s. What are the prime factors of w(1)?
29
Suppose 2*f + 3 - 7 = 0. Suppose -k = -3*k + 6, 5*k = f*g - 159. What are the prime factors of g?
3, 29
Let n = 1928 + -1217. List the prime factors of n.
3, 79
Suppose 0 = -0*k + 7*k. Suppose -4*d + 9*d = k. Suppose -5*n + 25 = 0, i + 2*i + n - 230 = d. List the prime factors of i.
3, 5
Let j(d) = -10*d**2 - d + 1. Let o be 11/33 - (-4)/6. Let k be j(o). Let u = k + 62. What are the prime factors of u?
2, 13
Suppose -5*o = -10, 3*t - 7*o + 60 = -4*o. Let k be 2/(-5) - 244/(-10). Let d = k + t. List the prime factors of d.
2, 3
Suppose -24*h + 25*h + 14 = 0. Suppose 0*j + 2*j + 36 = 0. Let a = h - j. What are the prime factors of a?
2
Let a(i) = -14*i - 31. Let f(s) = -7*s - 16. Let y(p) = 3*a(p) - 5*f(p). Suppose -3*k + 9 = -v + 3, -3*k - 3 = 0. What are the prime factors of y(v)?
2, 5
Let b(w) = -125*w + 15. Let a be b(-4). Let v = 770 - a. List the prime factors of v.
3, 5, 17
Let l(p) = -2*p**3 + 9*p**2 + 15*p + 70. What are the prime factors of l(-9)?
2, 1061
Let d be (-12)/(-3) + (-3 - -1). Suppose d*w = -3*w. List the prime factors of (-72)/(-9) - (w - 0).
2
Let a(x) = 7*x**2 + 23. Let q(t) = 3*t**2 + 12. Let y(z) = -2*a(z) + 5*q(z). Let b(l) = -4*l + 5. Let j be b(3). List the prime factors of y(j).
3, 7
Let p(a) = a**3 + a**2 - a + 2. Let y be p(-2). Suppose y = -3*q - 2*q + 25. List the prime factors of q.
5
Let f(y) = y**3 + 2*y**2 + y + 1. Let w be f(-2). Let v = w - 0. Let o(r) = 38*r**2 - r. What are the prime factors of o(v)?
3, 13
Let u be -1 - 1 - -4 - 62. Let x = 217 + u. List the prime factors of x.
157
Let o(u) = 16*u**2 - 16*u - 2. What are the prime factors of o(-8)?
2, 5, 23
Let a be 4/(-26) + 1254/39. Let h be 3*(a/(-6) + -2). Let g = -15 - h. List the prime factors of g.
7
Suppose 0 = -3*v - 3*a - 6, -v + 0*v - 1 = 2*a. Let d be 17/((0 - 3)/v). Suppose -g - 2 + d = 0. What are the prime factors of g?
3, 5
List the prime factors of (-32)/144*(-28989)/2.
3221
What are the prime factors of 6/(-10) - (-28566)/135?
211
Let l(x) = x**2 - 156. Let o be l(0). List the prime factors of ((-7)/(-2))/((-162)/o - 1).
7, 13
Let l = 40 + -36. Let x = l + -2. List the prime factors of x.
2
Let s = -214 + 584. What are the prime factors of s?
2, 5, 37
Let i = 6582 - 2293. What are the prime factors of i?
4289
Suppose -p + 45 = 4*p. Suppose 0 = o + 2*i - i - p, -1 = 3*o - 4*i. Suppose o*t = -20, 2*x = 4*x + t. What are the prime factors of x?
2
Suppose 5*l = -4*f - 5, 5*l - 5 = -0*f - 2*f. Suppose -l*p + 149 = -133. Suppose 5*b = 3*z + 138, -z = 3*b - 0*z - p. List the prime factors of b.
2, 3, 5
Let k be 1195 + -2 + 2 - (7 + -3). Suppose 469 = 10*r - k. What are the prime factors of r?
2, 83
Suppose -q - m + 7 = 0, -q = -0*q - 2*m + 8. Suppose k - 46 = -2*w, q*w - 163 = -3*k - 9. Suppose k = 3*d + 18. List the prime factors of d.
2, 3
Let t = 14 + -18. What are the prime factors of t/(-1 - (0 + 1))?
2
Suppose 5*z + 4*g - 92 = 0, 0 = 2*g + 3*g - 15. What are the prime factors of z?
2
Suppose 0 = 4*p - 4585 - 331. What are the prime factors of p?
1229
Suppose -91*y = -37*y - 173448. List the prime factors of y.
2, 11, 73
What are the prime factors of (-87017)/(-49) - (-3 + (-120)/(-42))?
2, 3, 37
Let u be 10/15 - (-7)/3. Suppose 3*t = -u*m + 27, 4*m + t = -0*t + 51. Suppose v = -v + m. What are the prime factors of v?
7
Suppose -2*w + 6 = -0*w. Suppose 5*v = 2*a - 4*a + 73, w*a = -4*v + 106. Suppose s + 12 = a. What are the prime factors of s?
2, 11
Suppose -5*c + 10 + 35 = 0. Let g = 9 - c. Suppose -k + 0*k + 35 = g. What are the prime factors of k?
5, 7
Let o(p) be the first derivative of -14*p**3/3 + 5*p**2/2 + 4*p - 7. Let b(u) = -u - 1. Let z(r) = -2*b(r) - o(r). List the prime factors of z(-2).
2, 3, 5
Let g(b) = -27*b**3 - 1. Suppose o = 2*x + 3, -4*o - x + 9 = -o. Suppose 3*t = w + 16, -w - o*t + 20 = -6*w. What are the prime factors of g(w)?
2, 13
Suppose z + 54696 = 25*z. What are the prime factors of z?
43, 53
Suppose 4*p - 627 = -28*h + 27*h, 5*h - 171 = -p. What are the prime factors of p?
2, 3, 13
Let i = -45 + 50. What are the prime factors of ((-4)/i)/(((-34)/(-440))/(-17))?
2, 11
Suppose -4*k + 5786 = 2*t, 2217 = 3*k + t - 2125. What are the prime factors of k?
3, 7, 23
Suppose 0 = s + 4*s - 10. Let v(j) = -j + 1. Let a be v(-2). Suppose a + 5 = -o - 4*r, -s*o - 2*r + 14 = 0. List the prime factors of o.
2, 3
Suppose -36 = 3*q - 9*q. Let u(k) = q*k - 3*k - k + 0*k + 41. What are the prime factors of u(0)?
41
Suppose 639 = 4*x - 7549. List the prime factors of x.
23, 89
Suppose 0*k + 2*k + 6 = 0. Let h be 7 + (5 - k)/(-4). Suppose 9 = h*d - 56. What are the prime factors of d?
13
Let q = -10 - -22. Let b = -7 + q. Suppose -153 = -b*h + 2*h. List the prime factors of h.
3, 17
Let w = -79 - -172. What are the prime factors of w?
3, 31
Suppose 2*t - j + 78 = 0, 9*t + 3*j = 4*t - 195. Let o = 52 + t. What are the prime factors of o?
13
Let i be 8/52 - -649*4/26. Let c = 169 - i. List the prime factors of c.
3, 23
Let m(w) = w**3 + 4*w**2 - 8*w - 4. Let u(z) = z + 7. Let h(i) = -i - 8. Let d(y) = -2*h(y) - 3*u(y). Let p be d(0). What are the prime factors of m(p)?
11
Suppose 0 = -0*n - n + 9. Let r be 384/n + (-1)/(-3). Suppose -3*b - 2*h + r = -h, 4*b + 2*h = 60. What are the prime factors of b?
13
Suppose 52*i + 357372 = 106*i. List the prime factors of i.
2, 3, 1103
Let z be -2 + 5 + (146/1 - 2). Let t = z + -97. List the prime factors of t.
2, 5
Suppose -2*q = -5*a + 1009 - 6385, -2*a = -q + 2689. What are the prime factors of q?
2693
Suppose 2 = 2*f, -5*t = -2*f - 3*f - 6790. What are the prime factors of t?
3, 151
Let y be (-4823)/(-117) + (-4)/18. Let r be (-2 + (-4)/(-4))*y. Let h = -12 - r. List the prime factors of h.
29
Suppose -436*d = -428*d - 3056. What are the prime factors of d?
2, 191
Let d be 2 + -23 + (-3 - 0). Let x be (-1 - 2)/((-9)/d). What are the prime factors of (-2 + 0)*60/x?
3, 5
Let y(r) = -211*r + 20. Let n be y(-3). Suppose u = k - 130, 0 = -5*k + 7*u - 3*u + n. What are the prime factors of k?
7, 19
Suppose 4*f + o = -o + 1022, 1007 = 4*f + 5*o. List the prime factors of 